 + 0 = -5*l - 10. Suppose c = 4*a + a - 105. What is the units digit of a?
1
What is the units digit of -4*(4/14 - (-344)/(-224))?
5
Suppose 0*u + 4*n = 5*u + 18, 0 = u - 5*n - 9. What is the tens digit of u/(-27) - 194/(-18)?
1
Let s(f) = 3*f**2 + 26*f - 22. What is the tens digit of s(-13)?
4
What is the units digit of 4 + 0/(0 - -3)?
4
Let x(k) = 6*k + 6. What is the tens digit of x(8)?
5
Let g = -4 - -2. Let b be (-1)/g*0 - 1. What is the units digit of 12*b/(3/(-3))?
2
Let h = -72 - -133. What is the units digit of h?
1
Let h(p) = -p**3 + p**2 - p - 1. Let n(o) = 4*o**3 - 11*o**2 + 8*o + 15. Let t(j) = 5*h(j) + n(j). What is the tens digit of t(-7)?
3
Let b(n) = -n - 6. Let v be (-16)/(-4)*(-10)/8. Let o be b(v). What is the units digit of o*(-2)/(-8)*-4?
1
Suppose 136 + 4 = 4*t. Let f = 55 - t. What is the tens digit of f?
2
Suppose -k - 27 = -4*k. Suppose k = -2*l + 5*l. Suppose 2*r - 23 = -0*r - c, -57 = -3*r + l*c. What is the tens digit of r?
1
Let u = 2 - -3. Suppose 0 - u = -m. Suppose 5*k = 2*k - m*x - 3, 2*k - 2*x = 14. What is the units digit of k?
4
Let v = 297 + -200. What is the units digit of v?
7
Let k = 35 - 7. Suppose 3*c = -c + k. What is the units digit of c?
7
Suppose -2*h + 0*h = 2. What is the units digit of (3 - 5)*h - -7?
9
Let f = -59 - -112. What is the tens digit of f?
5
Suppose c - 5 = -1. Let d = 3 - -1. Suppose -4*b - c = -d*i, -i - 2*b + 6 = i. What is the units digit of i?
2
What is the units digit of 2/((-822)/621*3 + 4)?
9
Suppose 5 = 2*s - 3*t, -s + 5*t - 2*t + 1 = 0. What is the units digit of s?
4
Let g = 1 + -13. Let x = -11 - g. What is the units digit of x?
1
Suppose 5*h = -r + 4*r + 375, 2*h + r - 161 = 0. What is the units digit of h?
8
Suppose 5*l + 9 + 1 = 0. What is the tens digit of (-1 + l)/(18/(-60))?
1
Suppose 2*o = -3*z - 2*o + 9, 0 = 3*z + o - 9. Let u(t) = -5*t**2 - t**z + 3*t**2 - 7 + t**2 - 4*t**2 - 2*t. What is the units digit of u(-5)?
3
Let j(g) = -g**3 + g. Let z(o) = -4*o**3 - 8*o**2 - 7*o - 1. Let u(t) = -3*j(t) + z(t). What is the tens digit of u(-7)?
2
Suppose -93 + 23 = 5*u. What is the units digit of (-74)/u - 10/35?
5
Let p(l) = l**2. Let z(h) = 7*h**2 + 3*h + 6. Let g(t) = -6*p(t) + z(t). Suppose -d = -0*s + 3*s + 15, 3*s = 4*d. What is the units digit of g(s)?
0
Let f(s) = s**3 + s**2 - 2*s. Let v be f(-2). Suppose 3*b + 0*b - 18 = v. What is the units digit of b?
6
Let d = 8 - 7. What is the units digit of d + 22/2 + -1?
1
Let h = -6 + 8. Suppose 2*m + h*s + 0*s = 18, 3*s - 31 = -4*m. What is the units digit of m?
4
Suppose -16 = -2*g + 26. What is the tens digit of g?
2
Let l(j) = -2*j**3. Let c be l(-1). Let t = c - 8. What is the units digit of 12*(-1)/4*t?
8
Let m = 6 - 0. Let q = -3 + m. Suppose -4*a = -q*a - 4*l + 2, -a - 4*l = -6. What is the units digit of a?
2
Suppose 0 = 4*i - 5*i + 5*o + 44, 5*i = 5*o + 120. What is the units digit of i?
9
Let c = -17 + 62. Let m be (8/(-10))/((-4)/(-120)). Let q = m + c. What is the units digit of q?
1
Suppose c = -k - 15, -k - 3*k = -c + 40. What is the units digit of (-8 - -6)/(2/k)?
1
Let b = 7 - 0. Suppose 2*x + 5 = b. What is the units digit of x?
1
Suppose -2*w - w + 246 = 0. What is the units digit of w?
2
Let u(n) = -n**3 - n - 1. Let b be u(-2). Let r = b + -8. What is the units digit of r?
1
Let c be 3/9 + 14/(-6). What is the tens digit of ((-99)/(-6))/((-1)/c)?
3
Let q = 11 - -10. What is the tens digit of q?
2
Let a(i) = i**3 + 4*i**2 - 6*i - 3. Let s be a(-5). Let j = 21 - s. What is the tens digit of j?
1
Suppose 7*p - 48 = 3*p. Suppose -2*i - p = -5*i. Suppose -89 = -5*m - 0*m + 4*u, i = -4*u. What is the tens digit of m?
1
Suppose -13*n + 190 = -8*n. What is the tens digit of n?
3
Suppose y - 2*q + 195 = 6*y, -180 = -5*y + q. What is the tens digit of y?
3
Suppose -3*i - 1420 = -8*i. What is the units digit of i/12 - 4/6?
3
Let o(c) = c**3 + 5*c**2 + 3*c - 2. Let v be 5/(-2)*(-24)/20. Let a(l) = l**3 + 4*l**2 + 3*l - 1. Let s(f) = v*o(f) - 4*a(f). What is the units digit of s(-2)?
8
Let i be 0*(-2)/4 - -2. Suppose -16 = -i*r + r. What is the units digit of r?
6
Let b(p) = 44*p + 1. What is the tens digit of b(1)?
4
Suppose -h + 3*h = 3*z - 1067, -3*h - 1071 = -3*z. What is the hundreds digit of z?
3
Suppose 4*z - 111 - 8 = s, -2*z + 3*s = -67. What is the tens digit of z?
2
Suppose 6*k - 2*k = 0. Suppose 12 = 3*l - k. What is the units digit of l?
4
What is the tens digit of (3 + (-35)/10)*-66?
3
Suppose 4*t = -0*t + 388. What is the units digit of t?
7
Let r = -48 + 80. What is the units digit of (-8)/28 + r/14?
2
Suppose 0 = 4*h + 3*v - 92 - 83, -4*h + 2*v = -190. What is the tens digit of h?
4
Suppose -72 = -2*h - 10. What is the tens digit of h?
3
Let x be 12 + -2 + 2*-1. Let h(z) = z**2 - 7*z - 4. Let w be h(x). Suppose w*v + 0*v = 16. What is the units digit of v?
4
What is the hundreds digit of (-1 - (2 - 27))/(4/26)?
1
Suppose 2*j - 6*j + 372 = 0. What is the tens digit of j?
9
Let g(y) = y**3 - 4*y**2 - 7*y. Let m be g(6). Suppose 2*i + i + 3*t = m, -14 = -3*i + t. What is the units digit of i?
6
Suppose 5*r + 1 = -24, -2*r = -2*a + 24. What is the units digit of a?
7
Suppose 16*l - 8*l = 360. What is the tens digit of l?
4
Suppose -6 + 29 = a - 4*v, -6 = -3*v. Let j = a - 15. What is the units digit of j?
6
Let v be ((-80)/2)/2 - 3. What is the tens digit of v*1/(-1) + -3?
2
Suppose -6 - 17 = -u. What is the units digit of u?
3
Let q(t) = t + 10. Let a be q(0). Let b(o) = -o**2 + 12*o + 14. Let l be b(a). Suppose 4*u - l = -2*i, u - 3*u = -2*i + 22. What is the tens digit of i?
1
Let w = 4 - 2. Suppose 2*q - n - n = 2, 3*q = w*n + 8. What is the units digit of q?
6
Suppose -3*l - 3 = 3*g, 0*g + 4 = -l - 2*g. Let w be (2/5)/(21/1365). Suppose l*c + 0*c - w = -4*t, -5*t - 50 = -5*c. What is the tens digit of c?
1
Let r(i) = -1 - i - 4*i + 2*i + 0. Let g be r(-1). Suppose g*x = -1 + 5. What is the units digit of x?
2
Suppose -31 = p - 94. What is the tens digit of p?
6
Let h = -2 + 5. Let o be ((-4)/h)/((-2)/3). Suppose 0*d - 4 = -o*d. What is the units digit of d?
2
Suppose -4*f - 86 = -3*d, -4*d + 4*f + 88 = -20. What is the tens digit of d?
2
Suppose 2*o = -4*a + 94, -3*o + 97 = 4*a - 0*o. Let u be 3/(-6) - a/(-4). What is the units digit of (1 + -3)/(-2) + u?
6
Let n(o) = o**3 + 5*o**2 - o - 2. Let l = 4 + -9. What is the units digit of n(l)?
3
Let g(t) = -t**2 + t + 61. What is the units digit of g(0)?
1
Suppose -36 = -4*q + 112. What is the tens digit of q?
3
Let a = 56 - 27. What is the units digit of a?
9
Let f = -26 - -46. Suppose 0 = -5*y + 5 + f. Suppose 8 = 4*u + y*q - 27, -15 = -5*q. What is the units digit of u?
5
Let g be (3 + -4)/(2/(-4)). Let v be (g/6)/((-7)/(-42)). Suppose -v*c = r - 15, -5*r + 38 = -3*r - 4*c. What is the tens digit of r?
1
What is the units digit of 16 + 8/(-4) + 3?
7
Suppose 0 = -3*h - 2*h + 60. Let z = h + -2. What is the tens digit of z?
1
Suppose 0 = 7*f - 0*f - 28. What is the units digit of f?
4
Suppose 3*a + 20 = 8*a. Suppose 20 = -5*v, 3*w - 3*v = v + 34. Suppose -a*o + w = -2. What is the units digit of o?
2
Let k(b) be the second derivative of 4*b**5/5 - b**4/12 + b**3/6 - b**2/2 - 6*b. What is the tens digit of k(1)?
1
Suppose 9*f - 85 = 4*f. What is the units digit of f?
7
Suppose 3*z - 30 = 3*w, 0*z + 3*z - 6 = -3*w. Let o = 18 - z. What is the units digit of o?
2
Suppose -3*h + 8*h - 15 = 0. Let s = h + -4. Let o(z) = -2*z**3 - z**2 + z + 1. What is the units digit of o(s)?
1
Let h(y) = y**3 + y**2 + y + 3. Let s(c) be the second derivative of c**3/6 + 5*c**2/2 + 4*c. Let n be s(-5). What is the units digit of h(n)?
3
Let m(l) = 4*l + 54. What is the tens digit of m(0)?
5
Let y(p) = -3*p**2 - 9*p - 8. Let f(i) = i + 1. Let k(u) = -14*f(u) - 2*y(u). What is the units digit of k(-2)?
8
Let q(n) = -3*n**3 + 3*n + 2. What is the units digit of q(-2)?
0
Let v = 83 + -48. Suppose 0 = -2*h + h + v. What is the tens digit of h?
3
Suppose -3*t - 24 = 3*q, 6 = -5*t - 4. Let d = 0 - q. Suppose 2*o = d*o - 12. What is the units digit of o?
3
Let c(g) = 3*g + 6*g**2 - 2 + 3 + 2 - g**3. What is the tens digit of c(6)?
2
Suppose 0 = -d - 12 + 4. Let g be ((-2 + 6)*1)/2. What is the units digit of (d + g)/(0 + -2)?
3
Let n(q) = q**3 - 9*q**2 - 10*q + 1. Suppose 2